- (1/(4/(-16)) + -30). Let z = 1223 + -849. Calculate the greatest common divisor of l and z.
34
Suppose 218*w = 235*w - 357. Calculate the greatest common factor of w and 4.
1
Suppose 2*k = 2*f + 200, 4*f - 6*f = 4*k - 394. Calculate the highest common divisor of k and 30.
3
Suppose 30 - 27 = a. Suppose -a*l - d = -171 - 82, 4*d = -2*l + 172. Let z = 90 - l. What is the highest common factor of z and 54?
6
Suppose -l - 5*a + 18504 = 0, 40*l - 37*l + 5*a = 55432. What is the greatest common divisor of l and 32?
32
Let i be (-76)/(-95)*(0 - -25). Let j(r) = r**2 - 11*r + 21. Let v be j(9). Let u be (62/6 + v)*3. What is the greatest common divisor of i and u?
20
Suppose 2*t + 3*m - 8579 = 0, 17157 = 4*t + 70*m - 65*m. What is the highest common divisor of 402 and t?
134
Let t = 159048 - 158912. Suppose -s - 24 = -2*s. Calculate the greatest common divisor of t and s.
8
Let d be (15*32)/(1/2). Let h = 29812 - 29752. What is the greatest common divisor of d and h?
60
Let h(y) = 849*y**2 - 6*y - 6. Let k be h(-1). What is the highest common divisor of 3 and k?
3
Let o(t) = 2*t. Let n(c) = -48*c - 3. Let h(s) = 2*n(s) + 42*o(s). Let m be h(-7). Let v be (-1014)/(-104)*12/9. Calculate the highest common factor of v and m.
13
Let n be (-4 + (-132)/(-42))*-25053. Calculate the greatest common factor of n and 36.
18
Suppose -3*q - 5*a = 2*q - 5, 5*q - 6 = -4*a. Suppose 0 = q*i + f - 59, 2*f - 13 = -3*i + 73. What is the greatest common divisor of 32 and i?
32
Suppose 7*f = 9*f + 13*f. Suppose -43*x + 44*x - 104 = f. What is the greatest common factor of 91 and x?
13
Let n be (-5)/2*8/40*-1672. What is the highest common factor of n and 110?
22
Let r be ((-168)/(-35) - 3)*(254 - -1). What is the greatest common factor of r and 34?
17
Let c = 26 - -14. Let h(g) = -3 - g + 4 - 4*g**2 + 15 + 0. Let u be h(0). What is the greatest common factor of u and c?
8
Let g = -39 + 49. Suppose -3*q = 2*h + q - 30, h - 3*q = -g. Suppose -158 = -h*z - 4*s + s, s = -z + 30. Calculate the highest common divisor of z and 136.
34
Let i be ((-42)/35)/(1011/(-1005) - -1). Let k = 244 - i. What is the greatest common divisor of k and 473?
43
Let g be 2/(-9) - (-650)/9. Suppose -5*b + 78 = -g. Suppose -s - 4*d + 79 = 0, 10*s = 14*s - d - 299. Calculate the highest common divisor of s and b.
15
Let a = 33 + -30. Suppose 0 = -r - a, -3*r + 300 = -4*s + 4061. Let i = 1325 - s. Calculate the greatest common divisor of 43 and i.
43
Suppose -35 = -2*v + v. Let t = -31736 - -31848. What is the greatest common factor of v and t?
7
Let d = -3862 - -3886. Calculate the highest common factor of 2616 and d.
24
Suppose 36 = j + 3*z, 5*j - 4*z + 160 = 9*j. Calculate the greatest common factor of 3458 and j.
14
Suppose -8*i + 782 = 14*i + 12*i. What is the highest common factor of 24127 and i?
23
Let i = 52 + -42. Suppose 0 = i*d - 0*d + 30. Let r be 142/8 + d + (-78)/(-24). Calculate the highest common factor of r and 6.
6
Let p be (48 - 246)/(2/(-1)). Suppose p*n - 124*n = -50. Calculate the highest common divisor of n and 148.
2
Suppose 4*f - 3*d = 28300, -2*f + 18282 = -5*d + 4160. What is the highest common factor of f and 73?
73
Let s be (9100/525)/(8/102). What is the greatest common divisor of 117 and s?
13
Suppose -83*o = -2*b - 82*o + 24, 5*b = o + 54. Calculate the highest common factor of b and 10.
10
Let n = 255 - 237. Suppose n*l = 132 + 102. What is the greatest common divisor of l and 390?
13
Let x be 2/(2/(-9)) + 350/(-7 - -12). Let a = 3115 + -1712. Calculate the highest common factor of a and x.
61
Let n(x) = -2*x**3 - 13*x**2 + 14*x + 54. Let s be n(-7). Suppose 2*d + 2 = -s*p + 55, -4*p - 59 = -d. Calculate the greatest common factor of d and 897.
39
Let n(x) = -x**3 + 12*x**2 - 19*x - 8. Let r be n(8). Calculate the highest common divisor of 28 and r.
4
Suppose -1053 = 11*t - 2*t. Let f = -100 - t. Calculate the greatest common divisor of f and 544.
17
Let s(m) = 1785*m - 1856. Let h be s(6). Calculate the greatest common divisor of 38 and h.
38
Let j be 50/13 - 82/(-533) - -8. Let i(r) = -r**3 + 5*r**2 - 2*r + 4. Suppose -3*v - 1 + 13 = 0. Let k be i(v). What is the greatest common divisor of j and k?
12
Let m be (4/(-10))/((4 - -2)/(-120)). Let n be 32/(10/(-6) - (9 + -11)). Calculate the highest common divisor of n and m.
8
Let n(t) = 54*t - 228. Let a(m) = 39*m + 83. Let y be a(-2). Let q be n(y). What is the greatest common factor of q and 42?
42
Let n be (24/(-168) + (-25)/21)*-12. Let f(q) = 25*q**2 + 8*q + 7. Let o be f(-5). Calculate the greatest common divisor of n and o.
16
Let f(a) = 42*a**2 + 606*a - 5928. Let y be f(10). What is the highest common divisor of y and 24?
12
Suppose 4*n + 159 - 29 = 5*g, 2*g - n = 52. Suppose 80*m + 1365 = 89*m + 6*m. Calculate the greatest common divisor of m and g.
13
Let a(l) = 1797*l + 5521. Let y be a(-3). Let v = -38 - -64. Calculate the highest common divisor of y and v.
26
Suppose 0 = 3*s + 3*u - 6, -2*u + 3*u + 16 = 5*s. Let a be 5005/110 - (-1)/2. Suppose -a = 3*q - 73. Calculate the greatest common divisor of s and q.
3
Let r = 6 + 20. Calculate the greatest common factor of 8242 and r.
26
Suppose -5*h + 131 - 1 = 0. Suppose u - 2*u - 3 = 4*w, -3*w - 3*u - 9 = 0. Let n be w/(-4 - -7) + 78. Calculate the greatest common divisor of h and n.
26
Let i be (-618)/(-4)*(-44)/((-418)/19). Calculate the highest common divisor of i and 12.
3
Let v be 6 - 8*(-4)/8. Suppose -2*m + v = -3*m. Let d be 2/(m/(-25))*1. What is the greatest common divisor of d and 25?
5
Suppose 0 = 10*v + 3193 - 3303. Let u(x) be the third derivative of -x**4/24 - x**3/2 + x**2. Let t be u(-4). What is the highest common divisor of v and t?
1
Suppose 4*r = -h + 2, -4*h - 4*r + 10 = h. Suppose -y - h*y = -v + 20, 3*v + 5*y = 130. What is the greatest common factor of 385 and v?
35
Let q = 451 - 449. Suppose -4*d + 80 = q*v, 5*v + 16 = -d + 36. What is the greatest common divisor of d and 52?
4
Suppose -o + 2*k + 114 = 0, 2*k - 4*k + 486 = 4*o. Let z = -103 + o. Calculate the greatest common factor of 221 and z.
17
Let v(n) = -n**2 - 34*n - 12. Let w be v(-30). Suppose -1574 = -4*z + 2*m - 388, 3*z + m - 892 = 0. Calculate the highest common factor of z and w.
27
Let g be (-3949)/(-6 - 5) + 1. Calculate the highest common factor of 315 and g.
45
Suppose -5*y - 605 + 1677 = j, -y = -4*j + 4246. Calculate the greatest common divisor of j and 18.
18
Let s(t) = -550*t - 4367. Let d be s(-8). Calculate the highest common factor of 693 and d.
33
Let z be (-7 - 2891/(-21))*1197/6. What is the highest common divisor of 49 and z?
49
Let l(s) = 6*s**2 + 41*s - 540. Let v be l(17). Calculate the highest common factor of v and 124.
31
Let t = -836 - -1178. Suppose -5217*i + 1140 = -5187*i. What is the highest common divisor of t and i?
38
Let d = -3662 - -3665. Calculate the highest common factor of d and 738.
3
Suppose 0*k - 300 = -10*k. Suppose -k = -5*n + 3*n - 5*z, n - 5*z = -15. Let h be 0 + 17 - (2 - n). Calculate the greatest common factor of 15 and h.
5
Let v be 4 - 11 - (1 + -1). Let j(t) = -4*t**3 - 12*t**2 - 11*t + 15. Let h be j(v). What is the greatest common divisor of 12 and h?
12
Suppose -3*y - 675 = -2*a, -3*a - 46*y = -48*y - 1025. Calculate the highest common divisor of 621 and a.
69
Let z = -1 + 4. Let u(r) = -58*r**2 - 174*r + 201. Let o be u(-3). What is the greatest common factor of o and z?
3
Let s be -1 + 0 + (-2)/(-5)*-15. Let a be 21 + (3/12)/(s/(-56)). What is the highest common divisor of 368 and a?
23
Let h(j) = j**2 + 29*j - 28. Let x be h(-30). Suppose -x*s = -3*n - 57, 4*s - 159 = -0*s - 3*n. Calculate the highest common factor of s and 288.
36
Suppose 2*u + 2175 = 7*u. Suppose 2*y - u - 61 = 0. Let c be 6 + (-75)/12 - (-15)/(-36)*-75. Calculate the highest common divisor of y and c.
31
Let i(z) = -z**3 - 10*z**2 - 29*z - 11. Let x be i(-7). Suppose 19*j - 4800 = 9*j. Calculate the greatest common factor of j and x.
15
Suppose n = -5*a + 2991, -n + 4*a + 443 = -2602. Calculate the highest common factor of 57 and n.
57
Let b(q) = q**3 - 33*q**2 + 163*q - 15. Let d be b(27). Calculate the highest common divisor of d and 47148.
12
Suppose -5*i - 15 = 5, 5*s + 5*i - 2090 = 0. Let p = s - 387. Calculate the greatest common factor o